u. Determine p(a).
9
Let i(w) be the second derivative of -1/3*w**3 + 0 + 1/8*w**4 + 10*w - 4*w**2. Let g(u) be the first derivative of i(u). What is g(3)?
7
Let g(a) = 55*a**2 - 208*a**2 + 54*a**2 + a**3 + 54*a**2 + 50*a**2 - 7 - a. Determine g(-5).
-2
Let m(q) = 5*q + 3*q**2 + 2 + 0*q**2 - 2*q**2. Suppose 150*y - 305*y = -142*y + 65. Determine m(y).
2
Let o = 12 - 8. Suppose -o*n - z + 30 = 0, n + 4*z = -0*z + 15. Let u(h) = h**2 - 7*h + 5. Determine u(n).
5
Let d(z) = -2*z + 32. Let w be d(8). Let f(p) = -2 + 16*p - w*p + 2*p. Calculate f(3).
4
Let k(y) be the second derivative of 17*y**3/6 + 3*y**2/2 + 8*y - 18. Give k(-2).
-31
Let a be 11/6 - 1/(-6). Let x(d) = 4*d**2 - 6*d - d - 2*d**2 - 3*d**2 - a. Give x(-6).
4
Let m(l) = 41*l**2 - 5*l + 4. Let i(u) = -116*u**2 + 14*u - 11. Let t(h) = -6*i(h) - 17*m(h). What is t(-4)?
-22
Let z(x) be the third derivative of x**6/360 - x**5/40 + x**4/3 - 14*x**2. Let k(r) be the second derivative of z(r). Determine k(4).
5
Let s(n) = 4*n + 2. Suppose x = -3*l + 32, 0 = 19*l - 24*l - 2*x + 54. What is s(l)?
42
Let b be (0 - -14)*(152/16 - 10). Let w(m) = -m**3 - 6*m**2 + 9*m + 8. Calculate w(b).
-6
Let s(r) = 23*r**2 - 5 - 11 + 19*r**2 - 5*r - 43*r**2 + 3. Calculate s(-6).
-19
Let d(v) = v - 4. Let b be 15/1*2/6. Suppose 3 = -2*i + b*u, -4*i + 4*u = 5*u - 5. Suppose j = y - i, j - 4 = -y + 1. What is d(y)?
-1
Let k(i) = i**2 + i + 3. Suppose 0*d - 2*d + 5*l = 0, d - 3*l = 0. Let y be k(d). Let r(g) = -y - 7*g**2 - g + 4*g + 6*g**2. Give r(3).
-3
Let f be -4 + 5 + 14/(-7). Let c(h) be the first derivative of h**4/2 + h**3/3 + 2. Determine c(f).
-1
Suppose 0*o + o + 2 = 0. Let u(g) = -4*g**3 + 9*g**2 + 13*g + 20. Let k(m) = 5*m**3 - 10*m**2 - 15*m - 23. Let r(d) = 6*k(d) + 7*u(d). Determine r(o).
-4
Let o(c) = 6*c**3 - c**2 + 2*c - 1. Let s(x) = -x**2 - 62*x + 1. Let w be s(-62). What is o(w)?
6
Let s(g) = -1 + 66*g**3 - 2*g**2 + 71*g**3 - 144*g**3. Determine s(-2).
47
Let h(w) be the first derivative of -w**2 + 19*w - 2. What is h(8)?
3
Let l(x) = -3*x + 8. Let r be (53/106)/(2/48) - 6. What is l(r)?
-10
Let r(m) be the third derivative of -m**6/120 - m**5/10 + m**4/12 - m**3/3 - 51*m**2. What is r(-6)?
-14
Let g(l) be the third derivative of -l**4/24 + l**3/3 + 9*l**2. Let n = 11 - 17. Give g(n).
8
Let y(n) be the second derivative of n**3/2 - 30*n. Give y(-2).
-6
Let v(h) = -20*h + 182. Let x be v(9). Let l(g) be the first derivative of 4*g**3/3 + 3*g**2/2 - 3*g - 1. Calculate l(x).
19
Let m(j) = -17*j - 1. Let p be m(-1). Let r = 18 - p. Let l(t) = -r + 4 - t + 0 + 6. Determine l(5).
3
Let f(d) be the second derivative of -d + 1/3*d**3 + 0 - 13/2*d**2. Let k be f(9). Let n(l) = 2*l - 3. What is n(k)?
7
Let w(m) = -m**2 - m + 1. Let a(t) = -3*t**2 - 5*t + 1. Let q(f) = 2*a(f) - 4*w(f). Determine q(-5).
-22
Let n(k) = 3*k + 3 + k**3 - 6*k**2 - 9*k + 5 - k**2 + 5*k. What is n(7)?
1
Let a(q) = -28*q - 1. Let i = -1355 + 1356. What is a(i)?
-29
Let h(s) = 0*s - 52 + 9*s**2 + 27 + 20 - s**3 - 2*s. What is h(9)?
-23
Let f be 0 - -3 - -2 - 3. Let o(r) = 73*r**f + 2*r + 4 - 10*r - 72*r**2. Calculate o(7).
-3
Let a(t) = 2*t - 1. Let l(u) = -2*u + 2. Let v(i) = -3*a(i) - 2*l(i). What is v(2)?
-5
Let o(b) = -b - 1. Let h be (-1)/(-1*(-4)/16). Let u(q) = 2*q + 13. Let k be u(h). Let t = k - -1. Calculate o(t).
-7
Suppose -g + 5*s = -13 - 0, -4 = 2*s. Let k(m) = 3*m**3 - 3*m**g - 4*m**2 - m**3 + m. Let n be (-530)/110 + 5 + 70/(-22). Give k(n).
-12
Let h be 3/((4/28)/1). Let u be h/14*(-2)/(-3). Let r(v) = 5*v**3 - u + v + 6 - 6*v**3 - 4. What is r(0)?
1
Let i(u) be the third derivative of 5*u**4/12 - u**3/3 + 13*u**2. Determine i(-4).
-42
Let z(k) = k**2 + 15*k - 7. Let x(d) = d**2 + 14*d - 6. Let i(c) = 6*x(c) - 5*z(c). Determine i(-9).
-1
Let l be -3 - (10 - (-3130)/(-240)). Let u(y) be the third derivative of 0*y + 5*y**2 + 1/3*y**3 + 0 - l*y**4. What is u(2)?
0
Let g(a) = 19*a**3 - 1. Suppose 6 = 2*f - 5*f, 5*s - 3*f - 1 = 0. Determine g(s).
-20
Suppose 40 = 4*x - 3*z, -2*x + 4*x - z - 18 = 0. Let s(f) = -f + 1 + 1 + 0. Let a be s(x). Let n(m) = -m. Calculate n(a).
5
Let t(f) = -2*f**2 - 2*f**2 + 3*f**2 - f. Suppose 4*s - 3*a - 14 = 0, 1 = -2*s - a + 3. Let g be t(s). Let i(l) = -l**3 - 5*l**2 + 3*l - 8. What is i(g)?
10
Let g(z) = -z**3 + 5*z + 5. Let y(i) = -i**3 + 12*i**2 - 12*i + 9. Let w be y(11). Let l be g(w). Let d(o) = -o - 3. Give d(l).
-6
Let q(g) = -g - 20. Suppose 0 = 17*u + 104 + 49. Calculate q(u).
-11
Let n(i) = i**3 - 6*i**2 - 3*i - 3. Let q(s) = -s**3 - s - 2. Let h be q(0). Let w be h/(-8)*28*(-12)/(-14). Calculate n(w).
-21
Let d(m) = m**2 + m + 18. Suppose -12 = 2*t - 3*n, -3*t + 2*n = 2*t + 8. Calculate d(t).
18
Let c = 11 + -6. Let u be (-3)/2*22/(-11). Let w(g) = -g**2 - 4*g - u - 3*g**2 + 0*g**2 + g**3. Calculate w(c).
2
Let m(f) = 5*f**2 + f**3 - 28 - 3*f**2 + 12 + 2*f**2 + 10 + 5*f. Give m(-5).
-56
Let z(t) = -9*t**2 + 8*t - 10. Let s(m) = -3*m**2 + 2*m - 3. Let o(p) = 7*s(p) - 2*z(p). Give o(-1).
-2
Let k(l) = 12*l**2 + l - 1. Let n = 9 - 4. Suppose 3*g - 19 = n. Suppose 0 = g*d - 3*d - 5. What is k(d)?
12
Let b = -2 - -2. Let v be b/(2/2) - 4. Let c(o) be the second derivative of o**4/12 + 5*o**3/6 - o**2/2 - 82*o. Give c(v).
-5
Let i(z) = -z**3 + 13*z**2 - 10*z - 15. Suppose 6*d = 23 + 49. Calculate i(d).
9
Let m(w) = 9*w + 69. Let i(g) = -4*g + 0*g - 14 + 2*g. Let u(x) = -24*i(x) - 5*m(x). Suppose 24 = 18*s - 14*s. Give u(s).
9
Let o be (-5 + 6)/((-2)/(-128)). Let h(w) = 30*w - 1 - o*w + 33*w + 6*w**2. Calculate h(-1).
6
Let w(u) = u**3 - 8*u**2 + 8*u + 8. Suppose h - 3*l = -2*h + 57, -5*l = 3*h - 33. Suppose 2*r = h - 2. What is w(r)?
15
Let h(r) = -4*r + 6*r + 0*r + r + r**2. Let v = 8 - 10. Calculate h(v).
-2
Let o = -293 - -295. Let w(i) be the first derivative of -4*i + 1/2*i**o - 4. Give w(4).
0
Let x(b) = -12 + 2*b + 7 + 3*b**2 + 3 - b**2. Suppose 0 = 3*h - 2 + 11. Determine x(h).
10
Suppose -14 = -106*r + 110*r - 2*y, -2*y = 2*r + 4. Let k(x) be the second derivative of -4*x**3/3 + x**2/2 + x. Give k(r).
25
Let o = -137 - -138. Let u(f) = f**3 + 1. What is u(o)?
2
Let i(f) = -f**2 - 17*f + 2. Let k = -259 + 242. Give i(k).
2
Let i(r) = -r**3 + 10*r**2 + 10*r + 21. Let n(p) = p**3 - 24*p**2 + 43*p + 33. Let b be n(22). Calculate i(b).
10
Let a be 5/(7/(-70)*(3 + -13)). Let w(k) = -6*k - 3. Let x(g) = -2*g - 1. Let r(f) = -4*w(f) + 14*x(f). What is r(a)?
-22
Let o be (-10)/4*-2 - 2. Let c(r) = -r**2 - 2*r - o + 6*r - 2. Let g(s) = -s**2 + 37*s - 336. Let w be g(17). Calculate c(w).
-5
Let z(n) = 3 + n**2 - 2*n**2 + n + 2*n. Let k = 111 + -114. Let b(o) = o**2 + o - 1. Let d be b(k). Give z(d).
-7
Suppose -88 = -56*z + 67*z. Let b(q) = q + 5. Calculate b(z).
-3
Let y(n) = 4*n - 1. Suppose 0 = -4*b - b. Suppose b = -5*s + 33 - 3. Suppose -2*m - s = -5*m. What is y(m)?
7
Let a(t) = -t + 9. Let v(o) = o**3 - 25*o**2 - 54*o + 7. Let z be v(27). What is a(z)?
2
Let h = 16 - 15. Let i be ((-16)/20)/((-2)/(-10)*h). Let w(y) = -y**2 - 4*y - 3. What is w(i)?
-3
Let q be (-2*3)/1 + -1. Let l be (-1)/(3/2 - 2). Let n(y) = -7*y + 3 + 26*y**l - 3 - 27*y**2. Calculate n(q).
0
Let o(c) = -c**2 + 3*c + 7. Suppose d = -5*h - 3*d + 62, d = 3. Suppose r + 13 = -5*j + 38, -r = -2*j + h. Calculate o(j).
-3
Let f(x) be the second derivative of -x**3/6 + x**2 - 59*x. What is f(0)?
2
Suppose -2*s = 3*v - 35, 24*s + 4*v + 61 = 27*s. Let n(q) = -q + 8. Determine n(s).
-11
Let t(l) = l**2 + 10*l + 5. Suppose -7*j + 57 = 1. Suppose -j*x - 27 = -5*x. Give t(x).
-4
Suppose -4*p - 4*k = p - 27, 0 = -p - 5*k + 18. Let c(w) be the second derivative of w**3/2 - 2*w**2 + 6*w. What is c(p)?
5
Let v(s) be the third derivative of s**5/60 - s**4/6 + 5*s**3/6 + 372*s**2. Suppose 2*t - 18 + 8 = 0. What is v(t)?
10
Let v(r) be the second derivative of r**3/6 - r**2/2 - 99*r. Give v(6).
5
Let c(g) = 4*g - 12*g + 3 + 6*g. Let d = 42 - 24. Let b be d/4*(-20)/(-15). Determine c(b).
-9
Suppose 209*c + 342*c + 2755 = 0. Suppose 2*w = 5 - 1. Let h(a) = -w - 6 + 1 - a. Give h(c).
-2
Suppose -31*h + 26*h = -55. Suppose -2*a - 1 = h. Let y(x) = -5*x**2 - 3 - x**3 + 2*x**2 - 3*x**2. What is y(a)?
-3
Let l be (2/6)/((-2)/108*-6). Let y(a) = 3 - 5*a + 12*a**2 + l*a**2 - a**3 - 11*a**2. Determine y(3).
-3
Let q(k) = -7*k + 11